se 12) to base 4.
-21002
What is -130033 (base 5) in base 10?
-5018
Convert 4381 (base 12) to base 5.
214231
11686 (base 10) to base 15
36e1
What is 6427 (base 8) in base 13?
16aa
What is 4546 (base 8) in base 12?
1486
-3233222 (base 4) to base 15
-4828
Convert 3079 (base 11) to base 8.
7757
5586 (base 11) to base 16
1cba
Convert 7d8 (base 14) to base 7.
4361
What is -1000010000010 (base 2) in base 3?
-12210112
10474 (base 12) to base 6
243024
Convert 1aac5 (base 14) to base 11.
47099
What is -353 (base 8) in base 4?
-3223
What is -1331 (base 6) in base 8?
-527
Convert 44561 (base 7) to base 6.
124052
-d1b (base 16) to base 12
-1b37
Convert 100101 (base 3) to base 5.
2003
Convert 377 (base 15) to base 10.
787
What is -64e (base 16) in base 9?
-2183
4b (base 14) to base 2
1000011
Convert -26945 (base 13) to base 7.
-416366
-27448 (base 9) to base 15
-5798
-25a4 (base 14) to base 11
-4a71
Convert -200121 (base 4) to base 15.
-933
Convert 11213 (base 6) to base 3.
2012000
Convert 152233 (base 7) to base 10.
29620
-1121230 (base 5) to base 6
-233250
Convert 120020 (base 3) to base 9.
506
Convert -7223 (base 10) to base 9.
-10815
-4409 (base 11) to base 16
-16b9
7a8 (base 13) to base 15
5d1
What is 137 (base 11) in base 6?
425
51200 (base 6) to base 11
50a3
Convert -4416 (base 10) to base 2.
-1000101000000
40242 (base 5) to base 11
1a29
What is -15234 (base 9) in base 16?
-289f
What is 6871 (base 14) in base 5?
1040011
-39b (base 13) to base 15
-2c5
What is -1560 (base 14) in base 16?
-ee0
1da1 (base 16) to base 7
31054
-2444324 (base 5) to base 15
-dd29
Convert 52404 (base 7) to base 16.
325b
Convert 45 (base 8) to base 3.
1101
34c (base 16) to base 2
1101001100
Convert -1110000001001 (base 2) to base 12.
-41a1
Convert 12120102 (base 3) to base 10.
4061
-371 (base 8) to base 9
-306
Convert -430 (base 8) to base 13.
-187
Convert 110113 (base 7) to base 12.
b197
What is -20220 (base 4) in base 7?
-1416
What is 10100100110110010 (base 2) in base 10?
84402
What is 645f (base 16) in base 14?
9515
What is 388 (base 15) in base 3?
1002202
-12a (base 12) to base 2
-10110010
Convert -259 (base 10) to base 4.
-10003
Convert -9e (base 16) to base 7.
-314
-122022 (base 3) to base 14
-255
26a47 (base 11) to base 16
9681
What is -111023 (base 4) in base 3?
-1212012
-3506 (base 7) to base 8
-2400
-8ff (base 16) to base 2
-100011111111
What is -210405 (base 6) in base 10?
-16997
Convert -3818 (base 9) to base 7.
-11213
What is -321 (base 15) in base 13?
-424
What is 1c4 (base 16) in base 8?
704
-919 (base 14) to base 7
-5132
-1a5 (base 14) to base 8
-525
Convert -1232 (base 6) to base 12.
-218
4017 (base 8) to base 2
100000001111
-d28 (base 15) to base 16
-b93
What is -997a (base 11) in base 4?
-3031203
Convert -30441 (base 5) to base 11.
-1555
1484 (base 9) to base 6
5121
b17c (base 14) to base 8
73432
-843 (base 10) to base 12
-5a3
What is -422433 (base 5) in base 12?
-8206
What is -221101221 (base 3) in base 7?
-104665
Convert 10002 (base 5) to base 15.
2bc
What is -101000000 (base 2) in base 5?
-2240
-2022001 (base 3) to base 16
-68b
What is -8f2 (base 16) in base 3?
-10010211
Convert 3011023 (base 5) to base 4.
23220112
Convert -395 (base 11) to base 4.
-13103
5256 (base 10) to base 6
40200
What is 26ca (base 13) in base 6?
41450
What is -167 (base 8) in base 3?
-11102
-12579 (base 10) to base 16
-3123
-4215 (base 6) to base 14
-4b9
Convert 5a7 (base 16) to base 6.
10411
What is 3633 (base 7) in base 12?
943
What is -552 (base 10) in base 16?
-228
Convert 68c0 (base 16) to base 9.
40705
What is 1012021221 (base 3) in base 14?
8818
What is 322 (base 6) in base 8?
172
-1576 (base 10) to base 3
-2011101
What is 5193 (base 11) in base 9?
10382
What is 254144 (base 6) in base 9?
34441
What is 22a (base 15) in base 11?
406
-1415234 (base 6) to base 14
-2134a
-31106 (base 8) to base 13
-5b20
Convert -5024 (base 9) to base 6.
-24551
-1825 (base 11) to base 7
-6532
Convert 2231 (base 5) to base 6.
1244
-2334 (base 10) to base 8
-4436
-125154 (base 6) to base 16
-2cfe
What is -145044 (base 6) in base 10?
-14068
What is 1033302 (base 6) in base 3?
2121101002
What is 248 (base 14) in base 15?
206
What is -169 (base 13) in base 2?
-100000000
Convert -5c1 (base 15) to base 4.
-110122
db6 (base 14) to base 12
1698
What is 31111 (base 4) in base 12?
5b1
35062 (base 7) to base 14
33a2
1760d (base 14) to base 2
1110010110111101
What is 4aa8 (base 11) in base 9?
10111
Convert -2955 (base 11) to base 3.
-12020011
What is -127 (base 10) in base 8?
-177
-536 (base 8) to base 15
-185
-1111111100 (base 2) to base 11
-848
What is 7450 (base 8) in base 7?
14212
What is -10132032 (base 4) in base 12?
-a726
Convert 216 (base 11) to base 9.
317
-3101133 (base 4) to base 2
-11010001011111
Convert -45c (base 14) to base 7.
-2345
What is 3356 (base 11) in base 14?
1877
-1100111000 (base 2) to base 3
-1010112
-1000243 (base 5) to base 9
-23472
Convert -12531 (base 7) to base 4.
-310122
What is 23363 (base 7) in base 6?
43515
Convert -2553 (base 12) to base 5.
-113424
100110 (base 4) to base 14
548
-53362 (base 9) to base 16
-89db
-a8c (base 13) to base 15
-806
1405 (base 7) to base 11
455
What is 10200220202 (base 3) in base 6?
1321115
-5411 (base 6) to base 16
-4cf
1116 (base 7) to base 2
110010101
What is 3351 (base 6) in base 8?
1423
What is 2b2 (base 14) in base 10?
548
What is 35c (base 16) in base 6?
3552
a1 (base 13) to base 15
8b
-10020212100 (base 3) to base 14
-194b3
What is 2134 (base 5) in base 11?
248
What is -310322 (base 4) in base 16?
-d3a
Convert 1100010 (base 2) to base 7.
200
What is 367 (base 15) in base 6?
3324
What is -112434 (base 6) in base 11?
-72a1
What is 11110111101001 (base 2) in base 12?
9209
Convert 21051 (base 11) to base 13.
10c62
What is -200210 (base 3) in base 8?
-773
Convert 52137 (base 8) to base 14.
7c2b
What is -210420 (base 5) in base 4?
-1231021
Convert 473 (base 15) to base 14.
520
Convert 376 (base 16) to base 5.
12021
What is -18039 (base 11) in base 5?
-1302311
What is -121022 (base 3) in base 5?
-3230
170a (base 11) to base 8
4214
Convert 164 (base 11) to base 2.
10111111
-3204 (base 6) to base 13
-439
6c9 (base 13) to base 15
539
-41ba (base 13) to base 16
-2396
43154 (base 6) to base 4
1130032
595 (base 10) to base 5
4340
Convert -1174 (base 14) to base 3.
-11011200
Convert -14643 (base 11) to base 15.
-6228
Convert -5224 (base 7) to base 10.
-1831
43 (base 8) to base 14
27
What is b72 (base 12) in base 11?
1289
-151 (base 16) to base 8
-521
Convert 56 (base 9) to base 5.
201
-15645 (base 7) to base 13
-203a
What is -2ad8 (base 16) in base 12?
-6420
What is 213 (base 15) in base 6?
2100
Convert 48e (base 15) to base 2.
10000001010
Convert 370e (base 15) to base 16.
2dc2
Convert 4b9 (base 13) to base 5.
11303
What is -9c66 (base 13) in base 7?
-120543
What is -4ac (base 14) in base 8?
-1650
What is 1093 (base 13) in base 15?
a47
What is 12111102 (base 3) in base 8?
7647
-143340 (base 6) to base 15
-4110
What is -107b5 (base 15) in base 14?
-1512a
Convert 3a7 (base 14) to base 7.
2100
Convert 39e (base 15) to base 5.
11244
5a3 (base 12) to base 9
1136
Convert -1102121 (base 4) to base 10.
-5273
660 (base 11) to base 15
37c
Convert 1887 (base 9) to base 13.
880
Convert 4504 (base 7) to base 12.
b31
What is 2120002110 (base 3) in base 13?
19c05
What is -13322200 (base 4) in base 7?
-163336
Convert -3594 (base 10) to base 9.
-4833
-646 (base 13) to base 6
-4544
Convert -12110022 (base 3) to base 13.
-1a6c
What is 100000101 (base 3) in base 2?
1100110101011
310432 (base 5) to base 9
14781
What is 276 (base 13) in base 2?
110110011
What is 504 (base 16) in base 13?
77a
What is 421430 (base 6) in base 10?
34074
-610 (base 9) to base 10
-495
What is 220202 (base 3) in base 16?
29c
What is -24625 (base 9) in base 13?
-76bb
1e23 (base 16) to base 11
5884
-297 (base 14) to base 10
-525
What is 32030 (base 4) in base 2?
1110001100
What is 25273 (base 9) in base 12?
9a03
47365 (base 11) to base 4
100223123
398 (base 14) to base 15
332
What is 140213 (base 6) in base 4?
3023301
Convert bd9c (base 15) to base 11.
28223
a1 (base 12) to base 8
171
Convert -f3 (base 16) to base 8.
-363
14344 (base 5) to base 3
1200100
What is -11b0a (base 13) in base 4?
-1